d by 570.
563
What is the remainder when 528187 is divided by 8?
3
What is the remainder when 405533988 is divided by 5?
3
What is the remainder when 364689962 is divided by 122?
120
Calculate the remainder when 38051461 is divided by 67949.
21
Calculate the remainder when 858852 is divided by 617.
605
Calculate the remainder when 6025194 is divided by 7598.
7578
Calculate the remainder when 31197 is divided by 4335.
852
Calculate the remainder when 97670 is divided by 4024.
1094
Calculate the remainder when 6961890 is divided by 703.
81
Calculate the remainder when 44943443 is divided by 2251.
2228
What is the remainder when 8470437 is divided by 710?
137
What is the remainder when 165193 is divided by 40430?
3473
What is the remainder when 21789988 is divided by 94?
36
Calculate the remainder when 1118109 is divided by 9159.
711
What is the remainder when 7963912 is divided by 1990971?
28
What is the remainder when 23622 is divided by 4682?
212
Calculate the remainder when 659184 is divided by 28659.
27
Calculate the remainder when 56455 is divided by 2280.
1735
Calculate the remainder when 13094087 is divided by 328.
327
Calculate the remainder when 92945 is divided by 1535.
845
What is the remainder when 1628224 is divided by 68?
32
Calculate the remainder when 136384198 is divided by 451.
445
Calculate the remainder when 119887646 is divided by 5028.
14
Calculate the remainder when 1106763 is divided by 368916.
15
What is the remainder when 5193408 is divided by 655?
568
What is the remainder when 6840157 is divided by 8455?
62
Calculate the remainder when 462386 is divided by 152760.
4106
Calculate the remainder when 2582720 is divided by 548.
544
What is the remainder when 1279974 is divided by 638793?
2388
Calculate the remainder when 39312555 is divided by 46.
35
Calculate the remainder when 8800166 is divided by 27937.
11
Calculate the remainder when 196669 is divided by 1762.
1087
What is the remainder when 106086 is divided by 975?
786
What is the remainder when 3062 is divided by 1454?
154
What is the remainder when 2724117 is divided by 1288?
1285
Calculate the remainder when 12633207 is divided by 1148472.
15
What is the remainder when 19961751 is divided by 30?
21
What is the remainder when 116758494 is divided by 32?
30
What is the remainder when 1165354 is divided by 582676?
2
What is the remainder when 3871338 is divided by 175?
163
Calculate the remainder when 269859 is divided by 269859.
0
Calculate the remainder when 3783655 is divided by 10481.
14
Calculate the remainder when 25848465 is divided by 287205.
15
What is the remainder when 8905306 is divided by 15?
1
Calculate the remainder when 276715 is divided by 7684.
91
What is the remainder when 1455935 is divided by 1362?
1319
What is the remainder when 4295246 is divided by 232?
230
Calculate the remainder when 1944072 is divided by 2023.
1992
What is the remainder when 3620132 is divided by 891?
890
Calculate the remainder when 60648372 is divided by 42.
36
Calculate the remainder when 664976 is divided by 2692.
52
What is the remainder when 141097 is divided by 47?
3
Calculate the remainder when 2628926 is divided by 154642.
12
What is the remainder when 36947087 is divided by 262036?
11
What is the remainder when 13106654 is divided by 137?
1
What is the remainder when 279172 is divided by 52?
36
What is the remainder when 9290763 is divided by 5929?
20
What is the remainder when 555626521 is divided by 9958?
9953
Calculate the remainder when 10071423 is divided by 6419.
12
What is the remainder when 327485392 is divided by 61?
60
What is the remainder when 35694812 is divided by 83?
81
What is the remainder when 88410 is divided by 117?
75
What is the remainder when 1728692 is divided by 4116?
4088
Calculate the remainder when 1549974 is divided by 474.
468
Calculate the remainder when 77838 is divided by 74644.
3194
Calculate the remainder when 56409 is divided by 1281.
45
What is the remainder when 339284 is divided by 338993?
291
Calculate the remainder when 834329994 is divided by 822.
816
Calculate the remainder when 1136260 is divided by 1135666.
594
What is the remainder when 779591 is divided by 259850?
41
What is the remainder when 89501785 is divided by 227?
225
Calculate the remainder when 846547 is divided by 423212.
123
Calculate the remainder when 101799412 is divided by 18.
16
What is the remainder when 12777581 is divided by 1017?
1010
What is the remainder when 105398396 is divided by 1920?
1916
What is the remainder when 28098310 is divided by 22?
20
Calculate the remainder when 35845274 is divided by 320047.
10
Calculate the remainder when 476608 is divided by 1261.
1211
Calculate the remainder when 1019727 is divided by 254866.
263
Calculate the remainder when 12270367 is divided by 454457.
28
What is the remainder when 117103 is divided by 522?
175
Calculate the remainder when 67196 is divided by 1719.
155
Calculate the remainder when 847922 is divided by 169574.
52
Calculate the remainder when 85762 is divided by 10753.
10491
Calculate the remainder when 275749 is divided by 275728.
21
What is the remainder when 905502065 is divided by 14?
13
Calculate the remainder when 77745481 is divided by 182.
177
What is the remainder when 348458554 is divided by 92?
90
What is the remainder when 2301464 is divided by 1150578?
308
What is the remainder when 303347 is divided by 58803?
9332
What is the remainder when 75452605 is divided by 9?
7
What is the remainder when 113251 is divided by 28298?
59
What is the remainder when 424183 is divided by 84622?
1073
What is the remainder when 550351045 is divided by 25?
20
What is the remainder when 68643958 is divided by 322?
320
What is the remainder when 18008 is divided by 2112?
1112
What is the remainder when 8845289 is divided by 74?
69
Calculate the remainder when 27744 is divided by 12018.
3708
What is the remainder when 710256 is divided by 118366?
60
What is the remainder when 37112 is divided by 18416?
280
Calculate the remainder when 804093 is divided by 8554.
17
Calculate the remainder when 9457342 is divided by 2261.
1840
Calculate the remainder when 64683544 is divided by 5159.
2
Calculate the remainder when 37827 is divided by 746.
527
Calculate the remainder when 24926710 is divided by 8308903.
1
Calculate the remainder when 51816467 is divided by 147.
143
What is the remainder when 1630594 is divided by 169?
82
Calculate the remainder when 218932 is divided by 1871.
25
Calculate the remainder when 32372258 is divided by 30.
8
Calculate the remainder when 250787 is divided by 738.
605
What is the remainder when 17717619 is divided by 69?
6
What is the remainder when 111268797 is divided by 6221?
6212
What is the remainder when 469302 is divided by 5223?
4455
What is the remainder when 17565389 is divided by 26?
23
Calculate the remainder when 8180171 is divided by 908.
907
Calculate the remainder when 2259143805 is divided by 7369.
7368
Calculate the remainder when 5391014 is divided by 5390997.
17
What is the remainder when 43767 is divided by 43696?
71
What is the remainder when 79149068 is divided by 81?
80
What is the remainder when 9573208 is divided by 563129?
15
Calculate the remainder when 529410 is divided by 647.
164
Calculate the remainder when 176865 is divided by 425.
65
What is the remainder when 60753903 is divided by 161?
70
What is the remainder when 3393085 is divided by 7039?
287
What is the remainder when 9556 is divided by 4439?
678
What is the remainder when 7660571 is divided by 485?
481
What is the remainder when 1669421 is divided by 185483?
74
Calculate the remainder when 272271 is divided by 20933.
142
Calculate the remainder when 12134 is divided by 6026.
82
What is the remainder when 11676865 is divided by 233?
70
Calculate the remainder when 1160513675 is divided by 756.
755
Calculate the remainder when 31715 is divided by 31712.
3
Calculate the remainder when 566227 is divided by 137.
6
What is the remainder when 151038055 is divided by 52?
51
Calculate the remainder when 85812858 is divided by 9534760.
18
What is the remainder when 1146849 is divided by 679?
18
What is the remainder when 93750067 is divided by 3910?
3907
What is the remainder when 8747 is 